{"id":435,"date":"2020-01-13T11:17:52","date_gmt":"2020-01-13T11:17:52","guid":{"rendered":"https:\/\/demosites.io\/web-agency-gb\/?page_id=5"},"modified":"2026-05-09T19:09:33","modified_gmt":"2026-05-09T19:09:33","slug":"15c42-web-agency-gb-home","status":"publish","type":"page","link":"https:\/\/ogmh.ch\/","title":{"rendered":"OGMH"},"content":{"rendered":"\n<div class=\"wp-block-cover alignfull is-light\" style=\"min-height:700px;aspect-ratio:unset;\"><img decoding=\"async\" class=\"wp-block-cover__image-background wp-image-475\" alt=\"\" src=\"https:\/\/ogmh.ch\/wp-content\/uploads\/2023\/12\/D99A7899.jpeg\" data-object-fit=\"cover\"\/><span aria-hidden=\"true\" class=\"wp-block-cover__background has-background-dim-0 has-background-dim\"><\/span><div class=\"wp-block-cover__inner-container is-layout-flow wp-block-cover-is-layout-flow\">\n<div style=\"height:10px\" aria-hidden=\"true\" class=\"wp-block-spacer\"><\/div>\n\n\n\n<h1 class=\"wp-block-heading has-text-align-center has-text-color has-large-font-size\" style=\"color:#121212\">Willkommen bei der Offiziersgesellschaft March-H\u00f6fe<\/h1>\n\n\n\n<p class=\"has-text-align-center has-text-color\" style=\"color:#121212;font-size:17px\">Wir bieten milit\u00e4rische und zivile Vortr\u00e4ge, Betriebsbesichtigungen und Exkursionen an und nehmen die Interessen der Offiziere im Rahmen der schweizerischen Sicherheitspolitik wahr.<\/p>\n\n\n\n<div class=\"wp-block-buttons is-horizontal is-content-justification-center is-layout-flex wp-container-core-buttons-is-layout-499968f5 wp-block-buttons-is-layout-flex\">\n<div class=\"wp-block-button is-style-primary\"><a class=\"wp-block-button__link has-nv-site-bg-color has-text-color has-link-color wp-element-button\" href=\"https:\/\/ogmh.ch\/?page_id=455\">Anl\u00e4sse<\/a><\/div>\n\n\n\n<div class=\"wp-block-button is-style-secondary\"><a class=\"wp-block-button__link has-nv-site-bg-color has-text-color has-link-color wp-element-button\" href=\"https:\/\/ogmh.ch\/?page_id=434\">Neuigkeiten<\/a><\/div>\n<\/div>\n\n\n\n<div style=\"height:80px\" aria-hidden=\"true\" class=\"wp-block-spacer\"><\/div>\n\n\n\n<div style=\"height:80px\" aria-hidden=\"true\" class=\"wp-block-spacer\"><\/div>\n<\/div><\/div>\n\n\n\n<div style=\"height:38px\" aria-hidden=\"true\" class=\"wp-block-spacer\"><\/div>\n\n\n\n<figure class=\"wp-block-image size-large is-resized\"><img loading=\"lazy\" decoding=\"async\" width=\"1024\" height=\"199\" src=\"https:\/\/ogmh.ch\/wp-content\/uploads\/2024\/08\/Armee2030-1024x199.png\" alt=\"\" class=\"wp-image-848\" style=\"width:1168px;height:auto\" srcset=\"https:\/\/ogmh.ch\/wp-content\/uploads\/2024\/08\/Armee2030-1024x199.png 1024w, https:\/\/ogmh.ch\/wp-content\/uploads\/2024\/08\/Armee2030-300x58.png 300w, https:\/\/ogmh.ch\/wp-content\/uploads\/2024\/08\/Armee2030-768x149.png 768w, https:\/\/ogmh.ch\/wp-content\/uploads\/2024\/08\/Armee2030-1536x298.png 1536w, https:\/\/ogmh.ch\/wp-content\/uploads\/2024\/08\/Armee2030-2048x397.png 2048w\" sizes=\"auto, (max-width: 1024px) 100vw, 1024px\" \/><\/figure>\n\n\n\n<div style=\"height:14px\" aria-hidden=\"true\" class=\"wp-block-spacer\"><\/div>\n\n\n\n<div class=\"wp-block-buttons is-layout-flex wp-block-buttons-is-layout-flex\">\n<div class=\"wp-block-button is-style-secondary\"><a class=\"wp-block-button__link wp-element-button\" href=\"https:\/\/ogmh.ch\/?page_id=851\">Medienmitteilung vom 02.09.2024<\/a><\/div>\n<\/div>\n\n\n\n<div style=\"height:77px\" aria-hidden=\"true\" class=\"wp-block-spacer\"><\/div>\n\n\n\n\n<div class=\"wp-block-image\">\n<figure class=\"alignleft size-full is-resized\"><img loading=\"lazy\" decoding=\"async\" width=\"873\" height=\"575\" src=\"https:\/\/ogmh.ch\/wp-content\/uploads\/2026\/05\/Screenshot_20260509_205740.png\" alt=\"\" class=\"wp-image-1324\" style=\"width:583px;height:auto\" srcset=\"https:\/\/ogmh.ch\/wp-content\/uploads\/2026\/05\/Screenshot_20260509_205740.png 873w, https:\/\/ogmh.ch\/wp-content\/uploads\/2026\/05\/Screenshot_20260509_205740-300x198.png 300w, https:\/\/ogmh.ch\/wp-content\/uploads\/2026\/05\/Screenshot_20260509_205740-768x506.png 768w\" sizes=\"auto, (max-width: 873px) 100vw, 873px\" \/><figcaption class=\"wp-element-caption\">Bildquelle: Skyguide <a href=\"https:\/\/www.skyguide.ch\/de\/fuhrungen\">https:\/\/www.skyguide.ch\/de\/fuhrungen<\/a><\/figcaption><\/figure>\n<\/div>\n\n\n<h2 class=\"wp-block-heading\">N\u00e4chster Anlass: Firmenbesuch &#8222;Skyguide&#8220;<\/h2>\n\n\n\n<p>Freitag 29. Mai 2026<\/p>\n\n\n\n<p>\u00dcber eine Million Fl\u00fcge werden j\u00e4hrlich im Schweizer Luftraum registriert. Ob es um Starts, Landungen oder \u00dcberfl\u00fcge geht \u2013 die Skyguide AG sorgt im Auftrag des Bundes f\u00fcr eine sichere und wirtschaftliche Abwicklung des zivilen und milit\u00e4rischen Luftverkehrs. <\/p>\n\n\n\n<p><\/p>\n\n\n\n<p>Wir treffen uns um 1445 Uhr beim Haupteingang der Skyguide, Flugsicherungsstrasse 1-5,<br>8602 Wangen b. D\u00fcbendorf.<\/p>\n\n\n\n<div class=\"wp-block-cover alignfull\" style=\"min-height:600px;aspect-ratio:unset;\"><span aria-hidden=\"true\" class=\"wp-block-cover__background has-nv-site-bg-background-color has-background-dim-100 has-background-dim\"><\/span><div class=\"wp-block-cover__inner-container is-layout-flow wp-block-cover-is-layout-flow\">\n<div class=\"wp-block-group\"><div class=\"wp-block-group__inner-container is-layout-flow wp-block-group-is-layout-flow\">\n<div class=\"wp-block-columns are-vertically-aligned-center is-layout-flex wp-container-core-columns-is-layout-9d6595d7 wp-block-columns-is-layout-flex\">\n<div class=\"wp-block-column is-vertically-aligned-center is-layout-flow wp-block-column-is-layout-flow\" style=\"flex-basis:50%\">\n<h2 class=\"wp-block-heading has-text-align-left has-neve-text-color-color has-text-color\">Werde Mitglied<\/h2>\n\n\n\n<p class=\"has-text-align-left has-neve-text-color-color has-text-color\" style=\"font-size:17px\">Entdecke mit uns die vielf\u00e4ltigen Aspekte der schweizerischen Sicherheitspolitik und tausche dich mit Gleichgesinnten aus. Werde Teil unseres Netzwerks und gestalte die Zukunft mit!<\/p>\n\n\n\n<div class=\"wp-block-buttons is-horizontal is-content-justification-left is-layout-flex wp-container-core-buttons-is-layout-7e5fce0a wp-block-buttons-is-layout-flex\">\n<div class=\"wp-block-button is-style-primary\"><a class=\"wp-block-button__link has-nv-site-bg-color has-text-color has-link-color wp-element-button\" href=\"https:\/\/ogmh.ch\/?page_id=437\">Kontakt<\/a><\/div>\n<\/div>\n\n\n\n<div style=\"height:40px\" aria-hidden=\"true\" class=\"wp-block-spacer\"><\/div>\n<\/div>\n\n\n\n<div class=\"wp-block-column is-vertically-aligned-center is-layout-flow wp-block-column-is-layout-flow\" style=\"flex-basis:50%\">\n<div id=\"wp-block-themeisle-blocks-slider-5df1edd7\" class=\"wp-block-themeisle-blocks-slider glide\" data-per-view=\"1\" data-gap=\"0\" data-peek=\"0\" data-autoplay=\"true\" data-height=\"400px\" data-hide-arrows=\"true\"><div class=\"glide__track\" data-glide-el=\"track\"><div class=\"glide__slides\"><div class=\"wp-block-themeisle-blocks-slider-item-wrapper glide__slide\" tabindex=\"0\"><figure><img decoding=\"async\" class=\"wp-block-themeisle-blocks-slider-item\" src=\"https:\/\/ogmh.ch\/wp-content\/uploads\/2024\/11\/WaffenLauf_small-8-2.jpg\" alt=\"\" title=\"\" data-id=\"916\"\/><\/figure><\/div><div class=\"wp-block-themeisle-blocks-slider-item-wrapper glide__slide\" tabindex=\"0\"><figure><img decoding=\"async\" class=\"wp-block-themeisle-blocks-slider-item\" src=\"https:\/\/ogmh.ch\/wp-content\/uploads\/2024\/02\/B9A1CB72-0ABE-4BC9-9C5A-3EBB00BF1BC5-1-scaled.jpeg\" alt=\"\" title=\"\" data-id=\"608\"\/><\/figure><\/div><div class=\"wp-block-themeisle-blocks-slider-item-wrapper glide__slide\" tabindex=\"0\"><figure><img decoding=\"async\" class=\"wp-block-themeisle-blocks-slider-item\" src=\"https:\/\/ogmh.ch\/wp-content\/uploads\/2024\/02\/IMG20230521121354_01-1-scaled.jpg\" alt=\"\" title=\"\" data-id=\"614\"\/><\/figure><\/div><div class=\"wp-block-themeisle-blocks-slider-item-wrapper glide__slide\" tabindex=\"0\"><figure><img decoding=\"async\" class=\"wp-block-themeisle-blocks-slider-item\" src=\"https:\/\/ogmh.ch\/wp-content\/uploads\/2024\/02\/C40DD313-D8A6-4B02-91F1-428FC3C1BC5A-scaled.jpeg\" alt=\"\" title=\"\" data-id=\"606\"\/><\/figure><\/div><div class=\"wp-block-themeisle-blocks-slider-item-wrapper glide__slide\" tabindex=\"0\"><figure><img decoding=\"async\" class=\"wp-block-themeisle-blocks-slider-item\" src=\"https:\/\/ogmh.ch\/wp-content\/uploads\/2024\/02\/IMG20230429140124-1-scaled.jpg\" alt=\"\" title=\"\" data-id=\"610\"\/><\/figure><\/div><div class=\"wp-block-themeisle-blocks-slider-item-wrapper glide__slide\" tabindex=\"0\"><figure><img decoding=\"async\" class=\"wp-block-themeisle-blocks-slider-item\" src=\"https:\/\/ogmh.ch\/wp-content\/uploads\/2024\/02\/20230608_164009-scaled.jpg\" alt=\"\" title=\"\" data-id=\"605\"\/><\/figure><\/div><\/div><\/div><\/div>\n<\/div>\n<\/div>\n\n\n\n<h2 class=\"wp-block-heading has-nv-dark-bg-color has-text-color has-link-color wp-elements-85ef55c83877439cfe266c49fe43429f\">Sponsoren:&nbsp;<\/h2>\n\n\n\n<div class=\"wp-block-group is-nowrap is-layout-flex wp-container-core-group-is-layout-ad2f72ca wp-block-group-is-layout-flex\">\n<figure class=\"wp-block-image size-full is-resized\"><a href=\"https:\/\/www.maechler-reisen.ch\"><img loading=\"lazy\" decoding=\"async\" width=\"355\" height=\"111\" src=\"https:\/\/ogmh.ch\/wp-content\/uploads\/2025\/02\/MaechlerReisen_Siebnen.png\" alt=\"\" class=\"wp-image-996\" style=\"aspect-ratio:1;object-fit:contain;width:267px;height:auto\" srcset=\"https:\/\/ogmh.ch\/wp-content\/uploads\/2025\/02\/MaechlerReisen_Siebnen.png 355w, https:\/\/ogmh.ch\/wp-content\/uploads\/2025\/02\/MaechlerReisen_Siebnen-300x94.png 300w\" sizes=\"auto, (max-width: 355px) 100vw, 355px\" \/><\/a><\/figure>\n\n\n\n<figure class=\"wp-block-image size-full is-resized\"><a href=\"https:\/\/www.mobiliar.ch\/generalagenturen\/lachen\"><img loading=\"lazy\" decoding=\"async\" width=\"2000\" height=\"1125\" src=\"https:\/\/ogmh.ch\/wp-content\/uploads\/2025\/02\/Individueller_Auftrag_Bildschirm_GA_Lachen_1920x1080px_1543383.png\" alt=\"\" class=\"wp-image-995\" style=\"aspect-ratio:1;object-fit:contain;width:267px;height:auto\" srcset=\"https:\/\/ogmh.ch\/wp-content\/uploads\/2025\/02\/Individueller_Auftrag_Bildschirm_GA_Lachen_1920x1080px_1543383.png 2000w, https:\/\/ogmh.ch\/wp-content\/uploads\/2025\/02\/Individueller_Auftrag_Bildschirm_GA_Lachen_1920x1080px_1543383-300x169.png 300w, https:\/\/ogmh.ch\/wp-content\/uploads\/2025\/02\/Individueller_Auftrag_Bildschirm_GA_Lachen_1920x1080px_1543383-1024x576.png 1024w, https:\/\/ogmh.ch\/wp-content\/uploads\/2025\/02\/Individueller_Auftrag_Bildschirm_GA_Lachen_1920x1080px_1543383-768x432.png 768w, https:\/\/ogmh.ch\/wp-content\/uploads\/2025\/02\/Individueller_Auftrag_Bildschirm_GA_Lachen_1920x1080px_1543383-1536x864.png 1536w\" sizes=\"auto, (max-width: 2000px) 100vw, 2000px\" \/><\/a><\/figure>\n\n\n\n<figure class=\"wp-block-image size-full is-resized\"><a href=\"https:\/\/www.szkb.ch\"><img loading=\"lazy\" decoding=\"async\" width=\"2560\" height=\"614\" src=\"https:\/\/ogmh.ch\/wp-content\/uploads\/2025\/02\/logo-szkb-farbig-jpg-scaled.jpg\" alt=\"\" class=\"wp-image-994\" style=\"aspect-ratio:1;object-fit:contain;width:267px;height:auto\" srcset=\"https:\/\/ogmh.ch\/wp-content\/uploads\/2025\/02\/logo-szkb-farbig-jpg-scaled.jpg 2560w, https:\/\/ogmh.ch\/wp-content\/uploads\/2025\/02\/logo-szkb-farbig-jpg-300x72.jpg 300w, https:\/\/ogmh.ch\/wp-content\/uploads\/2025\/02\/logo-szkb-farbig-jpg-1024x246.jpg 1024w, https:\/\/ogmh.ch\/wp-content\/uploads\/2025\/02\/logo-szkb-farbig-jpg-768x184.jpg 768w, https:\/\/ogmh.ch\/wp-content\/uploads\/2025\/02\/logo-szkb-farbig-jpg-1536x369.jpg 1536w, https:\/\/ogmh.ch\/wp-content\/uploads\/2025\/02\/logo-szkb-farbig-jpg-2048x492.jpg 2048w\" sizes=\"auto, (max-width: 2560px) 100vw, 2560px\" \/><\/a><\/figure>\n\n\n\n<figure class=\"wp-block-image size-full is-resized\"><a href=\"https:\/\/foellmi.ch\"><img loading=\"lazy\" decoding=\"async\" width=\"4096\" height=\"1932\" src=\"https:\/\/ogmh.ch\/wp-content\/uploads\/2025\/02\/logo_foellmi_zukunft_bauen_2017_4K.png\" alt=\"\" class=\"wp-image-993\" style=\"aspect-ratio:1;object-fit:contain;width:267px;height:auto\" srcset=\"https:\/\/ogmh.ch\/wp-content\/uploads\/2025\/02\/logo_foellmi_zukunft_bauen_2017_4K.png 4096w, https:\/\/ogmh.ch\/wp-content\/uploads\/2025\/02\/logo_foellmi_zukunft_bauen_2017_4K-300x142.png 300w, https:\/\/ogmh.ch\/wp-content\/uploads\/2025\/02\/logo_foellmi_zukunft_bauen_2017_4K-1024x483.png 1024w, https:\/\/ogmh.ch\/wp-content\/uploads\/2025\/02\/logo_foellmi_zukunft_bauen_2017_4K-768x362.png 768w, https:\/\/ogmh.ch\/wp-content\/uploads\/2025\/02\/logo_foellmi_zukunft_bauen_2017_4K-1536x725.png 1536w, https:\/\/ogmh.ch\/wp-content\/uploads\/2025\/02\/logo_foellmi_zukunft_bauen_2017_4K-2048x966.png 2048w\" sizes=\"auto, (max-width: 4096px) 100vw, 4096px\" \/><\/a><\/figure>\n<\/div>\n\n\n\n<div class=\"wp-block-group is-nowrap is-layout-flex wp-container-core-group-is-layout-ad2f72ca wp-block-group-is-layout-flex\">\n<figure class=\"wp-block-image size-full is-resized\"><a href=\"https:\/\/partner.stopgo.ch\/meinrad-ruoss\/de\"><img loading=\"lazy\" decoding=\"async\" width=\"651\" height=\"173\" src=\"https:\/\/ogmh.ch\/wp-content\/uploads\/2025\/02\/Garage_Ruoss_Buttikon.png\" alt=\"\" class=\"wp-image-992\" style=\"aspect-ratio:1;object-fit:contain;width:267px;height:auto\" srcset=\"https:\/\/ogmh.ch\/wp-content\/uploads\/2025\/02\/Garage_Ruoss_Buttikon.png 651w, https:\/\/ogmh.ch\/wp-content\/uploads\/2025\/02\/Garage_Ruoss_Buttikon-300x80.png 300w\" sizes=\"auto, (max-width: 651px) 100vw, 651px\" \/><\/a><\/figure>\n\n\n\n<figure class=\"wp-block-image size-full\"><img loading=\"lazy\" decoding=\"async\" width=\"833\" height=\"160\" src=\"https:\/\/ogmh.ch\/wp-content\/uploads\/2025\/03\/Storenplus.png\" alt=\"\" class=\"wp-image-1027\" srcset=\"https:\/\/ogmh.ch\/wp-content\/uploads\/2025\/03\/Storenplus.png 833w, https:\/\/ogmh.ch\/wp-content\/uploads\/2025\/03\/Storenplus-300x58.png 300w, https:\/\/ogmh.ch\/wp-content\/uploads\/2025\/03\/Storenplus-768x148.png 768w\" sizes=\"auto, (max-width: 833px) 100vw, 833px\" \/><\/figure>\n\n\n\n<figure class=\"wp-block-image size-full is-resized\"><a href=\"https:\/\/www.moneyhouse.ch\/de\/company\/bsu-schnidrig-gmbh-5761635011\"><img loading=\"lazy\" decoding=\"async\" width=\"3389\" height=\"938\" src=\"https:\/\/ogmh.ch\/wp-content\/uploads\/2025\/02\/Schniedrig_gmbh.png\" alt=\"\" class=\"wp-image-991\" style=\"aspect-ratio:1;object-fit:contain;width:267px;height:auto\" srcset=\"https:\/\/ogmh.ch\/wp-content\/uploads\/2025\/02\/Schniedrig_gmbh.png 3389w, https:\/\/ogmh.ch\/wp-content\/uploads\/2025\/02\/Schniedrig_gmbh-300x83.png 300w, https:\/\/ogmh.ch\/wp-content\/uploads\/2025\/02\/Schniedrig_gmbh-1024x283.png 1024w, https:\/\/ogmh.ch\/wp-content\/uploads\/2025\/02\/Schniedrig_gmbh-768x213.png 768w, https:\/\/ogmh.ch\/wp-content\/uploads\/2025\/02\/Schniedrig_gmbh-1536x425.png 1536w, https:\/\/ogmh.ch\/wp-content\/uploads\/2025\/02\/Schniedrig_gmbh-2048x567.png 2048w\" sizes=\"auto, (max-width: 3389px) 100vw, 3389px\" \/><\/a><\/figure>\n\n\n\n<figure class=\"wp-block-image size-full\"><img loading=\"lazy\" decoding=\"async\" width=\"304\" height=\"166\" src=\"https:\/\/ogmh.ch\/wp-content\/uploads\/2025\/03\/images.png\" alt=\"\" class=\"wp-image-1029\" srcset=\"https:\/\/ogmh.ch\/wp-content\/uploads\/2025\/03\/images.png 304w, https:\/\/ogmh.ch\/wp-content\/uploads\/2025\/03\/images-300x164.png 300w\" sizes=\"auto, (max-width: 304px) 100vw, 304px\" \/><\/figure>\n<\/div>\n\n\n\n<div class=\"wp-block-group is-nowrap is-layout-flex wp-container-core-group-is-layout-ad2f72ca wp-block-group-is-layout-flex\">\n<figure class=\"wp-block-image size-full is-resized\"><img loading=\"lazy\" decoding=\"async\" width=\"5134\" height=\"1284\" src=\"https:\/\/ogmh.ch\/wp-content\/uploads\/2025\/03\/LinthMais.png\" alt=\"\" class=\"wp-image-1065\" style=\"width:708px;height:auto\" srcset=\"https:\/\/ogmh.ch\/wp-content\/uploads\/2025\/03\/LinthMais.png 5134w, https:\/\/ogmh.ch\/wp-content\/uploads\/2025\/03\/LinthMais-300x75.png 300w, https:\/\/ogmh.ch\/wp-content\/uploads\/2025\/03\/LinthMais-1024x256.png 1024w, https:\/\/ogmh.ch\/wp-content\/uploads\/2025\/03\/LinthMais-768x192.png 768w, https:\/\/ogmh.ch\/wp-content\/uploads\/2025\/03\/LinthMais-1536x384.png 1536w, https:\/\/ogmh.ch\/wp-content\/uploads\/2025\/03\/LinthMais-2048x512.png 2048w\" sizes=\"auto, (max-width: 5134px) 100vw, 5134px\" \/><\/figure>\n<\/div>\n<\/div><\/div>\n<\/div><\/div>\n\n\n\n<div class=\"wp-block-cover alignfull\" style=\"min-height:600px;aspect-ratio:unset;\"><span aria-hidden=\"true\" class=\"wp-block-cover__background has-nv-site-bg-background-color has-background-dim-100 has-background-dim\"><\/span><div class=\"wp-block-cover__inner-container is-layout-flow wp-block-cover-is-layout-flow\">\n<div class=\"wp-block-group\"><div class=\"wp-block-group__inner-container is-layout-flow wp-block-group-is-layout-flow\">\n<div style=\"height:80px\" aria-hidden=\"true\" class=\"wp-block-spacer\"><\/div>\n\n\n\n<h2 class=\"wp-block-heading has-neve-text-color-color has-text-color\">Impressionen <\/h2>\n\n\n\n<div style=\"height:20px\" aria-hidden=\"true\" class=\"wp-block-spacer\"><\/div>\n\n\n<ul style=\"padding-top:0;padding-bottom:0;padding-left:var(--wp--preset--spacing--40);padding-right:var(--wp--preset--spacing--40);\" class=\"wp-block-latest-posts__list is-grid columns-3 has-link-color wp-elements-5628190e5fbdf5377ea18324cf7ee39c wp-block-latest-posts has-text-color has-nv-dark-bg-color\"><li><div class=\"wp-block-latest-posts__featured-image\"><img loading=\"lazy\" decoding=\"async\" width=\"300\" height=\"225\" src=\"https:\/\/ogmh.ch\/wp-content\/uploads\/2026\/05\/IMG_0094-3-300x225.jpg\" class=\"attachment-medium size-medium wp-post-image\" alt=\"\" style=\"\" srcset=\"https:\/\/ogmh.ch\/wp-content\/uploads\/2026\/05\/IMG_0094-3-300x225.jpg 300w, https:\/\/ogmh.ch\/wp-content\/uploads\/2026\/05\/IMG_0094-3-1024x768.jpg 1024w, https:\/\/ogmh.ch\/wp-content\/uploads\/2026\/05\/IMG_0094-3-768x576.jpg 768w\" sizes=\"auto, (max-width: 300px) 100vw, 300px\" \/><\/div><a class=\"wp-block-latest-posts__post-title\" href=\"https:\/\/ogmh.ch\/?p=1335\">Paintball in der Arena Sch\u00e4nis<\/a><div class=\"wp-block-latest-posts__post-excerpt\">Sch\u00e4nis, 9. Mai 2026\nAusger\u00fcstet mit Schutzmasken, Overalls und Paintballmarkierern begaben wir uns nach einer kurzen Einf\u00fchrung ins Gefecht. Man merkte schnell, wer w\u00e4hrend seiner Zeit im Dienst schon einmal mit H\u00e4user- &#038; Ortskampf in Ber\u00fchrung gekommen war, aber auch Teilnehmer ohne erweiterte Kampfausbildung fanden nach kurzer Zeit ins Spiel. Die Pr\u00e4zision und Einsatzdistanz der Gewehre entsprachen leider bei weitem nicht einem Sturmgewehr 90, weshalb oft direkt rasches Einzelfeuer angewandt werden musste, um die Gegenseite zu neutralisieren. W\u00e4hrend zwei intensiven Stunden und etlichen Runden \u00abTeam Deathmatch\u00bb, \u00abProtect the President\u00bb und \u00abCapture the Flag\u00bb wurden einige blaue Flecken gesammelt und dabei zwar kein Blut, daf\u00fcr umso mehr Schweiss vergossen. Abschliessend, wie es sich am Ende eines gelungenen Tages geh\u00f6rt, widmete sich jeder einem, durchaus n\u00f6tigen, Parkdienst der Schuhe, bevor wir uns auf den Weg nach Hause machten.<\/div><\/li>\n<li><div class=\"wp-block-latest-posts__featured-image\"><img loading=\"lazy\" decoding=\"async\" width=\"300\" height=\"200\" src=\"https:\/\/ogmh.ch\/wp-content\/uploads\/2026\/05\/IMG_0072-300x200.jpg\" class=\"attachment-medium size-medium wp-post-image\" alt=\"\" style=\"\" srcset=\"https:\/\/ogmh.ch\/wp-content\/uploads\/2026\/05\/IMG_0072-300x200.jpg 300w, https:\/\/ogmh.ch\/wp-content\/uploads\/2026\/05\/IMG_0072-1024x683.jpg 1024w, https:\/\/ogmh.ch\/wp-content\/uploads\/2026\/05\/IMG_0072-768x512.jpg 768w, https:\/\/ogmh.ch\/wp-content\/uploads\/2026\/05\/IMG_0072-1536x1024.jpg 1536w, https:\/\/ogmh.ch\/wp-content\/uploads\/2026\/05\/IMG_0072-2048x1366.jpg 2048w, https:\/\/ogmh.ch\/wp-content\/uploads\/2026\/05\/IMG_0072-930x620.jpg 930w\" sizes=\"auto, (max-width: 300px) 100vw, 300px\" \/><\/div><a class=\"wp-block-latest-posts__post-title\" href=\"https:\/\/ogmh.ch\/?p=1309\">OGMH-Reise nach Rom \u2013 April 2026<\/a><div class=\"wp-block-latest-posts__post-excerpt\">Vom 23. bis 26. April 2026 f\u00fchrte uns die erste OGMH-Reise in die ewige Stadt Rom. Bei fr\u00fchlingshaften Temperaturen und bester Stimmung erlebten wir gemeinsam vier&hellip;&nbsp;<a href=\"https:\/\/ogmh.ch\/?p=1309\" class=\"\" rel=\"bookmark\">Weiterlesen &raquo;<span class=\"screen-reader-text\">OGMH-Reise nach Rom \u2013 April 2026<\/span><\/a><\/div><\/li>\n<li><div class=\"wp-block-latest-posts__featured-image\"><img loading=\"lazy\" decoding=\"async\" width=\"300\" height=\"225\" src=\"https:\/\/ogmh.ch\/wp-content\/uploads\/2026\/03\/WhatsApp-Image-2026-02-26-at-21.18.54-300x225.jpeg\" class=\"attachment-medium size-medium wp-post-image\" alt=\"\" style=\"\" srcset=\"https:\/\/ogmh.ch\/wp-content\/uploads\/2026\/03\/WhatsApp-Image-2026-02-26-at-21.18.54-300x225.jpeg 300w, https:\/\/ogmh.ch\/wp-content\/uploads\/2026\/03\/WhatsApp-Image-2026-02-26-at-21.18.54-1024x768.jpeg 1024w, https:\/\/ogmh.ch\/wp-content\/uploads\/2026\/03\/WhatsApp-Image-2026-02-26-at-21.18.54-768x576.jpeg 768w, https:\/\/ogmh.ch\/wp-content\/uploads\/2026\/03\/WhatsApp-Image-2026-02-26-at-21.18.54-1536x1152.jpeg 1536w, https:\/\/ogmh.ch\/wp-content\/uploads\/2026\/03\/WhatsApp-Image-2026-02-26-at-21.18.54.jpeg 2048w\" sizes=\"auto, (max-width: 300px) 100vw, 300px\" \/><\/div><a class=\"wp-block-latest-posts__post-title\" href=\"https:\/\/ogmh.ch\/?p=1273\">Kaminfeuergespr\u00e4ch vom Donnerstag, 26.02.2026<\/a><div class=\"wp-block-latest-posts__post-excerpt\">Am 26. Februar 2026 unterhielten sich 18 Interessierte im Saal des Hotels Restaurant Schiff in Pf\u00e4ffikon mit dem R\u00fcstungschef, Dr. Urs Loher und erhielten Einblicke aus&hellip;&nbsp;<a href=\"https:\/\/ogmh.ch\/?p=1273\" class=\"\" rel=\"bookmark\">Weiterlesen &raquo;<span class=\"screen-reader-text\">Kaminfeuergespr\u00e4ch vom Donnerstag, 26.02.2026<\/span><\/a><\/div><\/li>\n<\/ul>\n\n\n<div style=\"height:40px\" aria-hidden=\"true\" class=\"wp-block-spacer\"><\/div>\n<\/div><\/div>\n<\/div><\/div>\n","protected":false},"excerpt":{"rendered":"<p>N\u00e4chster Anlass Wir treffen uns um 13.15 Uhr bei der Paintballarena in Sch\u00e4nis um unsere technischen und taktischenF\u00e4higkeiten im Begegnungsgefecht unter Beweis zu stellen. ROE (Rules of Engagement) und ROB(Rules of Behaviour) werden erst kurz vor Einsatz bekannt gegeben.Ausr\u00fcstung N\u00e4chster Anlass: Firmenbesuch &#8222;Skyguide&#8220; Freitag 29. Mai 2026 \u00dcber eine Million Fl\u00fcge werden j\u00e4hrlich im Schweizer&hellip;&nbsp;<a href=\"https:\/\/ogmh.ch\/\" class=\"\" rel=\"bookmark\">Weiterlesen &raquo;<span class=\"screen-reader-text\">OGMH<\/span><\/a><\/p>\n","protected":false},"author":1,"featured_media":0,"parent":0,"menu_order":0,"comment_status":"closed","ping_status":"closed","template":"","meta":{"neve_meta_sidebar":"default","neve_meta_container":"default","neve_meta_enable_content_width":"on","neve_meta_content_width":100,"neve_meta_title_alignment":"","neve_meta_author_avatar":"","neve_post_elements_order":"","neve_meta_disable_header":"","neve_meta_disable_footer":"off","neve_meta_disable_title":"on","_themeisle_gutenberg_block_has_review":false,"_ti_tpc_template_sync":false,"_ti_tpc_template_id":"5udqur826ojgsxrmsxsc","footnotes":""},"class_list":["post-435","page","type-page","status-publish","hentry"],"_links":{"self":[{"href":"https:\/\/ogmh.ch\/index.php?rest_route=\/wp\/v2\/pages\/435","targetHints":{"allow":["GET"]}}],"collection":[{"href":"https:\/\/ogmh.ch\/index.php?rest_route=\/wp\/v2\/pages"}],"about":[{"href":"https:\/\/ogmh.ch\/index.php?rest_route=\/wp\/v2\/types\/page"}],"author":[{"embeddable":true,"href":"https:\/\/ogmh.ch\/index.php?rest_route=\/wp\/v2\/users\/1"}],"replies":[{"embeddable":true,"href":"https:\/\/ogmh.ch\/index.php?rest_route=%2Fwp%2Fv2%2Fcomments&post=435"}],"version-history":[{"count":74,"href":"https:\/\/ogmh.ch\/index.php?rest_route=\/wp\/v2\/pages\/435\/revisions"}],"predecessor-version":[{"id":1328,"href":"https:\/\/ogmh.ch\/index.php?rest_route=\/wp\/v2\/pages\/435\/revisions\/1328"}],"wp:attachment":[{"href":"https:\/\/ogmh.ch\/index.php?rest_route=%2Fwp%2Fv2%2Fmedia&parent=435"}],"curies":[{"name":"wp","href":"https:\/\/api.w.org\/{rel}","templated":true}]}}